ppose -c*t = -3 - 42. What is the remainder when 26 is divided by t?
8
Let d be 1143/15 - (-2)/(-10). Suppose d = 5*v - 49. Let l = v + -8. Calculate the remainder when l is divided by 6.
5
Let j = -19 + 47. Suppose -j = -0*z - 4*z. Calculate the remainder when 26 is divided by z.
5
Let j = 2 + 0. Suppose -5*o - 5*b = -140, 4*o - j*b - 38 = 50. What is the remainder when o is divided by 13?
11
Suppose 3*v + 34 = 5*s, 0 = 5*v - 4*s + 2 + 46. Calculate the remainder when v/(-3)*12/1 is divided by 17.
15
Let y be 1/(-2) - (-3)/2. Let l be y*(5 + -2) - -1. Suppose -2*f - 3*g - 12 = -l*f, -5*f + g = -17. Calculate the remainder when 4 is divided by f.
1
Let q(m) = -2*m - 7. Let s(a) = a**2 + 7*a + 6. Let g be s(-5). Calculate the remainder when q(-6) is divided by (6/g)/(12/(-16)).
1
Suppose 0 = -10*m + 7*m + 684. What is the remainder when m is divided by 46?
44
Let t = 3 - 3. Let l = t - 0. Let o = l + 14. Calculate the remainder when o is divided by 5.
4
Let k = 15 + 15. Let h = k - 17. Let c = 93 - 55. Calculate the remainder when c is divided by h.
12
Suppose -6*p + 3*p + 39 = 0. What is the remainder when p is divided by (-34)/(-8) + 2/(-8)?
1
Suppose 0 = 3*b + 4*o + 11, -o - 4*o = b + 11. Suppose 2*t = 30 + 4. What is the remainder when t is divided by (b*1)/(3/(-18))?
5
Calculate the remainder when 1 + (4*40 - -1) is divided by 55.
52
Let a(m) = -5*m - 80. Calculate the remainder when a(-29) is divided by 25.
15
Let x be (3/1)/((-6)/(-4)). Suppose 35 = -x*a + a. Let g = 63 + a. What is the remainder when g is divided by 10?
8
Suppose 28 = a + 3*a. Suppose -4*c + 4*y + 5 = c, 4*c - y + a = 0. What is the remainder when (-20)/c*(-21)/(-7) is divided by 7?
6
Calculate the remainder when 30 is divided by (-9)/(-3)*(-32)/(-6).
14
Suppose 5*x - 30 = -5*b, 6*b - 20 = b. Suppose 2*t - 3*t = -x. Calculate the remainder when t is divided by 2.
0
Suppose -4*w = 5 - 41. Calculate the remainder when 26 is divided by w.
8
Suppose 0*g = g - 16. Calculate the remainder when 59 is divided by g.
11
Let d be -2 + (-2)/(4/166). Let r = d - -7. What is the remainder when 25 is divided by ((-4)/12)/(2/r)?
12
What is the remainder when 102 is divided by (-174)/(-8) + (-45)/60?
18
Let k = 71 - 39. Let c(w) = 2*w - 2*w - 2*w - 7 + 0*w. Calculate the remainder when k is divided by c(-9).
10
Let s be 9 - (3 - 5)/2. Suppose 0*k + s = k. Calculate the remainder when 27 is divided by k.
7
Let b = 15 - 2. What is the remainder when b is divided by 7?
6
Let h(k) = -k**2 + 5*k + 14. What is the remainder when 39 is divided by h(6)?
7
Suppose -3*p = -p + 2*g - 16, -2*p + 17 = 3*g. Suppose l - p = 13. What is the remainder when 672/l - 4/(-10) is divided by 12?
10
Let f(y) = y - 4. Let c be f(8). Suppose -25 = -5*p - 10, -c*o = -p - 9. What is the remainder when o is divided by 2?
1
Suppose 4*p + 11 = 95. What is the remainder when p is divided by 11?
10
Suppose -2*o = -0*o - 6. Let k(y) = 2*y + 2*y + y**2 - 1 - o. Calculate the remainder when k(-6) is divided by 5.
3
Suppose 50 = 2*v - 2*h, -v + 0*v = -2*h - 27. What is the remainder when v is divided by 9?
5
Suppose d = -4*d + 175. Let w = -10 + 22. Calculate the remainder when d is divided by w.
11
Let q(h) = -5*h + 51. What is the remainder when 43 is divided by q(8)?
10
Suppose g + 2*s + 31 = 2*g, -5*g + 5*s = -175. Calculate the remainder when g is divided by 2/(1/(-20)*-4).
9
Let m(d) = -d**2 + 8*d + 7. What is the remainder when 110 is divided by m(7)?
12
Let c = -35 - -55. Calculate the remainder when 116 is divided by c.
16
Suppose 5*o + 72 = -28. Let j = o + 45. What is the remainder when j is divided by 7?
4
Let h(c) = c**3 - 8*c**2 + 10*c - 6. Let q be h(7). Suppose -4*k = -33 - q. Calculate the remainder when ((-7)/4)/((-3)/k) is divided by 4.
3
Calculate the remainder when 4/(-3)*3 + 25 is divided by 13.
8
Let n = 200 - 125. Let x = 41 + -22. Calculate the remainder when n is divided by x.
18
Let n(m) = -m**2 + 3*m - 3. Let w be n(2). Suppose 0*h = -2*h. Let u = h - w. Calculate the remainder when 2 is divided by u.
0
Let h(p) = 27*p**3 - p + 1. Let i be h(1). What is the remainder when (-45)/i*(-2 - 1) is divided by 3?
2
Let a = 37 + -24. Let u(z) = 49*z**2 - 4*z + 4. Calculate the remainder when u(1) is divided by a.
10
Let b be 2/2*(-1 - -1). Suppose -3*z + 33 = -b*z. Calculate the remainder when z is divided by 7.
4
Let v = 38 - 0. Calculate the remainder when v is divided by 13.
12
Let x = 19 - 11. Calculate the remainder when x is divided by 4.
0
Let n(h) = 4*h**2 - 2*h + 1. Let b be n(1). Suppose 0 = -y + b*y - 16. Let o(z) = z + 12. Calculate the remainder when y is divided by o(-7).
3
Let o(f) = 2*f - 1. Calculate the remainder when 3 is divided by o(2).
0
Calculate the remainder when 58 is divided by 1 - (-9 + 9 - 28/2).
13
Let t(h) = -13*h - 41. Calculate the remainder when t(-13) is divided by 44.
40
Let u = 29 + -15. Suppose 2*a = 5*a - 30. Let r(p) = -p**3 + 10*p**2 + 2*p + 7. Calculate the remainder when r(a) is divided by u.
13
Let j(v) be the third derivative of v**5/60 - v**4/24 + 4*v**3/3 + 9*v**2. Calculate the remainder when j(0) is divided by (-17)/(-5) + (-4)/10.
2
Suppose -3*q + q = -94. Calculate the remainder when q is divided by 12.
11
Let g = 0 - -3. Let a(f) = 5*f + 6*f - 8*f - 4. Calculate the remainder when 9 is divided by a(g).
4
Suppose 0*s = s - 63. Calculate the remainder when s is divided by 17.
12
Let f be (57 - -3)/2*1. Suppose f = -p + 101. Calculate the remainder when p is divided by 24.
23
Suppose s + 5 = 1. Suppose -n + 6 = 1. What is the remainder when (18/(-27))/(s/42) is divided by n?
2
Let b be (15/(-4) - -3)*12. Let c(g) = g**3 + 10*g**2 + 8*g + 5. What is the remainder when c(b) is divided by 4?
2
Suppose -319 + 25 = -7*m. Calculate the remainder when m is divided by 22.
20
Let x = -10 - -21. Let g = 14 + -11. Suppose -g*v + 1 = -x. What is the remainder when 6 is divided by v?
2
Let j(t) = t**2 + 2*t + 12. Calculate the remainder when j(-6) is divided by 4.
0
Suppose 2*m - 204 = -4*j, -2*m = 4 - 0. What is the remainder when 311 is divided by j?
51
Let w(z) = 4*z**2 - 4*z - 1. What is the remainder when w(3) is divided by ((-13)/3)/(1/(-3))?
10
Suppose -12 = s - 4*s. Suppose -5*x + 12 = u, -s*x + 10 = -0*u + u. Calculate the remainder when 2 is divided by u.
0
Calculate the remainder when (320/15)/(3/9) is divided by 24.
16
Let m be (5 + -3)*1*-3. Let r = m - -15. What is the remainder when 26 is divided by r?
8
Suppose -4*c + 137 = -3*w, 5*w = c - 14 - 16. Calculate the remainder when c is divided by 19.
16
Suppose -5*g = 5*z - 60, -6*z = -2*z + g - 57. Calculate the remainder when z is divided by 4.
3
Suppose g - 31 = -n + 2*g, n - 4*g - 31 = 0. Calculate the remainder when n is divided by 17.
14
Let x = 2 + -1. Let k(a) = 3*a**2 - 2*a + 1. Let u be k(x). Suppose 21 = -u*g + 3*g. What is the remainder when 40 is divided by g?
19
Let i(h) = 26*h + 10. What is the remainder when i(7) is divided by 39?
36
Let i = 8 - -7. What is the remainder when 65 is divided by i?
5
Suppose -f + 202 = 139. What is the remainder when f is divided by 16?
15
Let u = 90 + -20. Calculate the remainder when u is divided by 12.
10
Let j be (-3)/((-44)/16 + 3). Let b(t) = -t**2 - 14*t - 17. What is the remainder when 19 is divided by b(j)?
5
Suppose 3*o = -s + 103, 7*o = 8*o. Calculate the remainder when s is divided by 27.
22
Let h = 0 - 0. Suppose w + 3*w + 8 = -2*o, 3*w - 12 = h. Let k = o + 28. Calculate the remainder when 46 is divided by k.
14
Let p = 62 - 34. Calculate the remainder when p is divided by (0 - 1)*-2*5.
8
Let i be (2 - 1)/(2/4). Suppose t = o + 3, 0 = -6*o + o. Suppose -t*j - i*j = -15. What is the remainder when 7 is divided by j?
1
Suppose 5*y + 146 = 4*d, d + 3*y - 30 + 2 = 0. Suppose -5*x + d = -51. Calculate the remainder when 50 is divided by x.
16
Let z be (-2)/((-2)/1)*5. Let n(c) = c**2 - c + 4. Let a be n(0). Suppose a*x - z = 67. Calculate the remainder when x is divided by 10.
8
Let c(s) = -3*s**2. Let x(m) = 2*m**2 - m + 1. Let j(w) = -3*c(w) - 4*x(w). Let o be j(-4). What is the remainder when 20 is divided by o/2*1 - -9?
6
Let h = 71 - 49. Calculate the remainder when h is divided by 6.
4
Let n = 9 - 7. Suppose -5*s - n = w + 2, -s + 28 = 5*w. 